{"id":3668,"date":"2025-09-09T00:00:15","date_gmt":"2025-09-08T22:00:15","guid":{"rendered":"http:\/\/www.orientasia.de\/wordpress\/?page_id=3668"},"modified":"2025-10-02T18:15:24","modified_gmt":"2025-10-02T16:15:24","slug":"erstis-2025-willkommen-am-ioa-bonn","status":"publish","type":"page","link":"http:\/\/www.orientasia.de\/wordpress\/erstis-2025-willkommen-am-ioa-bonn\/","title":{"rendered":"Erstis 2025 | Willkommen am IOA Bonn!"},"content":{"rendered":"\n<figure class=\"wp-block-gallery has-nested-images columns-default is-cropped wp-block-gallery-1 is-layout-flex wp-block-gallery-is-layout-flex\">\n<figure class=\"wp-block-image size-large\"><a href=\"http:\/\/www.orientasia.de\/wordpress\/wp-content\/uploads\/2019\/08\/cropped-Hauptgebaeude_13-8.jpg\"><img loading=\"lazy\" decoding=\"async\" width=\"1024\" height=\"256\" data-id=\"2722\" src=\"http:\/\/www.orientasia.de\/wordpress\/wp-content\/uploads\/2019\/08\/cropped-Hauptgebaeude_13-8-1024x256.jpg\" alt=\"\" class=\"wp-image-2722\" srcset=\"http:\/\/www.orientasia.de\/wordpress\/wp-content\/uploads\/2019\/08\/cropped-Hauptgebaeude_13-8-1024x256.jpg 1024w, http:\/\/www.orientasia.de\/wordpress\/wp-content\/uploads\/2019\/08\/cropped-Hauptgebaeude_13-8-300x75.jpg 300w, http:\/\/www.orientasia.de\/wordpress\/wp-content\/uploads\/2019\/08\/cropped-Hauptgebaeude_13-8-768x192.jpg 768w, http:\/\/www.orientasia.de\/wordpress\/wp-content\/uploads\/2019\/08\/cropped-Hauptgebaeude_13-8-1920x480.jpg 1920w\" sizes=\"auto, (max-width: 1024px) 100vw, 1024px\" \/><\/a><\/figure>\n<\/figure>\n\n\n\n<p>Liebe Erstis,<\/p>\n\n\n\n<p>Wir begr\u00fc\u00dfen Euch ganz herzlich am Institut Orient- und Asienwissenschaften! Wir wollen Euch einen guten Start ins Studium erm\u00f6glichen und haben daher eine Orientierungswoche f\u00fcr Euch geplant.<\/p>\n\n\n\n<p>Alle weiteren Infos findet Ihr in der Tabelle etwas weiter unten und im folgenden Text. <\/p>\n\n\n\n<p>Bitte schaut f\u00fcr Veranstatlungen unseres Instituts auch auf der <strong><a href=\"https:\/\/www.ioa.uni-bonn.de\/de\/studium\/erstsemester\" target=\"_blank\" rel=\"noopener\" title=\"\">Erstsemester Seite des IOA<\/a><\/strong> vorbei! <br \/>Dort findet Ihr u.a. den Studienf\u00fchrer und eine Checkliste f\u00fcr den Studienbeginn.<\/p>\n\n\n\n<p>Immer hilfreich ist auch der <strong><a href=\"https:\/\/www.philfak.uni-bonn.de\/de\/studium\/pruefungsamt\/medienordner\/kalender-studienjahr-2025-26.pdf\" title=\"\">Studienkalender<\/a><\/strong>. Dort findet Ihr wichtige Termine, wie beispielsweise Pr\u00fcfungsanmeldephasen. &gt;Ein kleines <strong><a href=\"http:\/\/www.orientasia.de\/wordpress\/nuetzliches\/basis\/\">BASIS Tutorial<\/a> <\/strong>soll Euch auch schon einmal auf die Belegung Eurer Lehrveranstaltungen vorbereiten.&lt; [Achtung! Seit letzten Semester wurde BASIS umgestellt &#8211; die Belegegung erfolgt \u00fcber die gleiche Website \u00fcber die Ihr euch auch auf&#8217;s Studium beworben habt.]<\/p>\n\n\n\n<p id=\"Erstsemester2025\">Bei Fragen bez\u00fcglich des Studiums werden Euch auch Eure Mentoren aus dem Studiengangsmanagement und die Fachschaftsmitglieder helfen. <br \/>Erreichen<strong> <\/strong>k\u00f6nnt Ihr uns per E-Mail \u00fcber fachschaft@orientasia.de, per Instagram \u00fcber <a href=\"https:\/\/www.instagram.com\/fs.orientasia\"><strong>fs.orientasia<\/strong><\/a>, per Facebook \u00fcber <a href=\"https:\/\/www.facebook.com\/OrientAsia\/\"><strong>Fachschaft OrientAsia<\/strong><\/a> und per Discord \u00fcber <a href=\"https:\/\/discord.gg\/8rc2j8T\"><strong>OrientAsia &#8211; House of Fun<\/strong><\/a>. Zu Beginn des Semesters werden wir auch unsere <strong>Sprechstunden<\/strong> auf der Website posten. <br \/>Solltet Ihr zu den genannten Zeiten keine Zeit haben, aber ben\u00f6tigt Beratungsbedarf oder m\u00f6chtet einfach einmal mit uns sprechen, schreibt uns einfach eine E-Mail und wir machen einen Termin aus, der allen passt :)<\/p>\n\n\n\n<p>Nat\u00fcrlich k\u00f6nnt Ihr Euch bei Fragen auch jederzeit an das <a href=\"https:\/\/www.ioa.uni-bonn.de\/de\/studium\/studiengangsmanagement\"><strong>Studiengangsmanagement<\/strong><\/a> wenden.<\/p>\n\n\n\n<p><em><strong>Wir freuen uns auf Euch!<\/strong><\/em><\/p>\n\n\n\n<h2 class=\"wp-block-heading\"><strong>Hier ist unser Plan f\u00fcr die Ersti-Woche:<\/strong><\/h2>\n\n\n\n<div class=\"wp-block-group is-layout-grid wp-container-core-group-is-layout-9649a0d9 wp-block-group-is-layout-grid\">\n<figure class=\"wp-block-image size-large is-style-default wp-container-content-5f80b302\"><a href=\"http:\/\/www.orientasia.de\/wordpress\/wp-content\/uploads\/2025\/09\/1.png\"><img loading=\"lazy\" decoding=\"async\" width=\"1024\" height=\"576\" src=\"http:\/\/www.orientasia.de\/wordpress\/wp-content\/uploads\/2025\/09\/1-1024x576.png\" alt=\"\" class=\"wp-image-3679\" srcset=\"http:\/\/www.orientasia.de\/wordpress\/wp-content\/uploads\/2025\/09\/1-1024x576.png 1024w, http:\/\/www.orientasia.de\/wordpress\/wp-content\/uploads\/2025\/09\/1-300x169.png 300w, http:\/\/www.orientasia.de\/wordpress\/wp-content\/uploads\/2025\/09\/1-768x432.png 768w, http:\/\/www.orientasia.de\/wordpress\/wp-content\/uploads\/2025\/09\/1-100x56.png 100w, http:\/\/www.orientasia.de\/wordpress\/wp-content\/uploads\/2025\/09\/1-1536x864.png 1536w, http:\/\/www.orientasia.de\/wordpress\/wp-content\/uploads\/2025\/09\/1.png 1920w\" sizes=\"auto, (max-width: 1024px) 100vw, 1024px\" \/><\/a><\/figure>\n\n\n\n<figure class=\"wp-block-image size-large wp-container-content-5f80b302\"><a href=\"http:\/\/www.orientasia.de\/wordpress\/wp-content\/uploads\/2025\/10\/Ersti-Woche-169.png\"><img loading=\"lazy\" decoding=\"async\" width=\"1024\" height=\"576\" src=\"http:\/\/www.orientasia.de\/wordpress\/wp-content\/uploads\/2025\/10\/Ersti-Woche-169-1024x576.png\" alt=\"\" class=\"wp-image-3690\" srcset=\"http:\/\/www.orientasia.de\/wordpress\/wp-content\/uploads\/2025\/10\/Ersti-Woche-169-1024x576.png 1024w, http:\/\/www.orientasia.de\/wordpress\/wp-content\/uploads\/2025\/10\/Ersti-Woche-169-300x169.png 300w, http:\/\/www.orientasia.de\/wordpress\/wp-content\/uploads\/2025\/10\/Ersti-Woche-169-768x432.png 768w, http:\/\/www.orientasia.de\/wordpress\/wp-content\/uploads\/2025\/10\/Ersti-Woche-169-100x56.png 100w, http:\/\/www.orientasia.de\/wordpress\/wp-content\/uploads\/2025\/10\/Ersti-Woche-169-1536x864.png 1536w, http:\/\/www.orientasia.de\/wordpress\/wp-content\/uploads\/2025\/10\/Ersti-Woche-169.png 1920w\" sizes=\"auto, (max-width: 1024px) 100vw, 1024px\" \/><\/a><\/figure>\n\n\n\n<figure class=\"wp-block-image size-large wp-container-content-5f80b302\"><a href=\"http:\/\/www.orientasia.de\/wordpress\/wp-content\/uploads\/2025\/09\/3.png\"><img loading=\"lazy\" decoding=\"async\" width=\"1024\" height=\"576\" src=\"http:\/\/www.orientasia.de\/wordpress\/wp-content\/uploads\/2025\/09\/3-1024x576.png\" alt=\"\" class=\"wp-image-3681\" srcset=\"http:\/\/www.orientasia.de\/wordpress\/wp-content\/uploads\/2025\/09\/3-1024x576.png 1024w, http:\/\/www.orientasia.de\/wordpress\/wp-content\/uploads\/2025\/09\/3-300x169.png 300w, http:\/\/www.orientasia.de\/wordpress\/wp-content\/uploads\/2025\/09\/3-768x432.png 768w, http:\/\/www.orientasia.de\/wordpress\/wp-content\/uploads\/2025\/09\/3-100x56.png 100w, http:\/\/www.orientasia.de\/wordpress\/wp-content\/uploads\/2025\/09\/3-1536x864.png 1536w, http:\/\/www.orientasia.de\/wordpress\/wp-content\/uploads\/2025\/09\/3.png 1920w\" sizes=\"auto, (max-width: 1024px) 100vw, 1024px\" \/><\/a><\/figure>\n\n\n\n<figure class=\"wp-block-image size-large wp-container-content-5f80b302\"><a href=\"http:\/\/www.orientasia.de\/wordpress\/wp-content\/uploads\/2025\/09\/4.png\"><img loading=\"lazy\" decoding=\"async\" width=\"1024\" height=\"576\" src=\"http:\/\/www.orientasia.de\/wordpress\/wp-content\/uploads\/2025\/09\/4-1024x576.png\" alt=\"\" class=\"wp-image-3682\" srcset=\"http:\/\/www.orientasia.de\/wordpress\/wp-content\/uploads\/2025\/09\/4-1024x576.png 1024w, http:\/\/www.orientasia.de\/wordpress\/wp-content\/uploads\/2025\/09\/4-300x169.png 300w, http:\/\/www.orientasia.de\/wordpress\/wp-content\/uploads\/2025\/09\/4-768x432.png 768w, http:\/\/www.orientasia.de\/wordpress\/wp-content\/uploads\/2025\/09\/4-100x56.png 100w, http:\/\/www.orientasia.de\/wordpress\/wp-content\/uploads\/2025\/09\/4-1536x864.png 1536w, http:\/\/www.orientasia.de\/wordpress\/wp-content\/uploads\/2025\/09\/4.png 1920w\" sizes=\"auto, (max-width: 1024px) 100vw, 1024px\" \/><\/a><\/figure>\n<\/div>\n\n\n\n<p>Freut euch auf verschiedenste Veranstaltungen zum Kennenlernen der Uni und eurer Kommilitonen <br \/>(das sind die Leute mit denen ihr studiert :D). <br \/>Die Teilnahme ist kostenlos, weitere Infos kriegt ihr auch \u00fcber unseren Insta-Kanal!<\/p>\n\n\n\n<hr class=\"wp-block-separator has-css-opacity\"\/>\n\n\n\n<p><strong>Studienstart<\/strong><\/p>\n\n\n\n<p>Jeder Start ins Studium ist individuell &#8211; ein neuer Abschnitt, der aufregend ist und gleichzeitig viele neue M\u00f6glichkeiten er\u00f6ffnet. Mit dem Studienstart beginnt f\u00fcr Euch ein neuer Lebensabschnitt, der sich in vielen Aspekten von Euren gewohnten Lebens- und Arbeitsbereichen unterscheiden wird. Wir m\u00f6chten Euch dabei unterst\u00fctzen, Euch auf den \u00dcbergang in Euer Studium gut und systematisch vorbereiten und Euren Studienbeginn eigenverantwortlich mitgestalten.<\/p>\n\n\n\n<p><\/p>\n","protected":false},"excerpt":{"rendered":"<p>Liebe Erstis, Wir begr\u00fc\u00dfen Euch ganz herzlich am Institut Orient- und Asienwissenschaften! Wir wollen Euch einen guten Start ins Studium[&#8230;]<\/p>\n","protected":false},"author":28,"featured_media":0,"parent":0,"menu_order":0,"comment_status":"closed","ping_status":"closed","template":"","meta":{"footnotes":"","_wp_rev_ctl_limit":""},"class_list":["post-3668","page","type-page","status-publish","hentry"],"aioseo_notices":[],"_links":{"self":[{"href":"http:\/\/www.orientasia.de\/wordpress\/wp-json\/wp\/v2\/pages\/3668","targetHints":{"allow":["GET"]}}],"collection":[{"href":"http:\/\/www.orientasia.de\/wordpress\/wp-json\/wp\/v2\/pages"}],"about":[{"href":"http:\/\/www.orientasia.de\/wordpress\/wp-json\/wp\/v2\/types\/page"}],"author":[{"embeddable":true,"href":"http:\/\/www.orientasia.de\/wordpress\/wp-json\/wp\/v2\/users\/28"}],"replies":[{"embeddable":true,"href":"http:\/\/www.orientasia.de\/wordpress\/wp-json\/wp\/v2\/comments?post=3668"}],"version-history":[{"count":0,"href":"http:\/\/www.orientasia.de\/wordpress\/wp-json\/wp\/v2\/pages\/3668\/revisions"}],"wp:attachment":[{"href":"http:\/\/www.orientasia.de\/wordpress\/wp-json\/wp\/v2\/media?parent=3668"}],"curies":[{"name":"wp","href":"https:\/\/api.w.org\/{rel}","templated":true}]}}